{"id":11,"date":"2021-09-21T11:55:40","date_gmt":"2021-09-21T11:55:40","guid":{"rendered":"https:\/\/hilanda.com.ar\/site\/store\/producto\/album\/"},"modified":"2021-09-29T19:29:31","modified_gmt":"2021-09-29T19:29:31","slug":"taller-5-10-2021","status":"publish","type":"product","link":"https:\/\/hilanda.com.ar\/site\/store\/producto\/taller-5-10-2021\/","title":{"rendered":"Taller Upcycling: Transformar una camisa en desuso en una Bolsa de Compras!"},"content":{"rendered":"<p>En este Taller aprender\u00e1s a Supraciclar una camisa en desuso para transformarla en una Bolsa de compras forrada y con una base firme hecha de Aglomerado Textil.<\/p>\n<p>Realizaremos juntos, la t\u00e9cnica para fabricar Aglomerado Textil. Esto permite generar un pa\u00f1o nuevo muy vers\u00e1til y \u00fatil para dar estructura y consistencia al interior de cualquier otro producto que confecciones.<\/p>\n<p>Tambi\u00e9n descubrir\u00e1s por qu\u00e9 la industria textil se ha vuelto la segunda industria mas contaminante del planeta y c\u00f3mo podemos revertirlo. \u00bfQu\u00e9 es el &#8220;Fast Fashion&#8221;? Y \u00bfCu\u00e1les son sus consecuencias? \u00bfQu\u00e9 soluciones trae la industria textil sustentable.<\/p>\n<p>Adem\u00e1s conocer\u00e1s las diferencias entre los procesos productivos de Supraciclado y Reciclado y los beneficios que generan cada uno de ellos.<\/p>\n<p>\u00bfCon qu\u00e9 deb\u00e9s contar para participar?<\/p>\n<ul>\n<li>Una Camisa en desuso<\/li>\n<li>Una remera<\/li>\n<li>Mesa de trabajo<\/li>\n<li>Herramientas b\u00e1sicas de costura: tijera, alfileres, cent\u00edmetro, tiza, etc<\/li>\n<li>Recomendado: m\u00e1quina de coser (hogare\u00f1a o industrial, la que tengas)<\/li>\n<\/ul>\n<p>Una vez abonada la inscripci\u00f3n, \u00bfqu\u00e9 recibir\u00e1s?<\/p>\n<ul>\n<li>Link de acceso al taller. \u00a1Record\u00e1 que es en vivo!<\/li>\n<li>Lista completa de Materiales<\/li>\n<li>Acceso a un grupo de Whatsapp para preparar todo junto a la facilitadora, evacuar dudas y tejer redes junto a otr@s emprendedor@s<\/li>\n<\/ul>\n","protected":false},"excerpt":{"rendered":"<p>En este Taller\u00a0 vamos a:<\/p>\n<p>Supraciclar una camisa en desuso para transformarla en una bolsa de compras cuya base ser\u00e1 hecha con Aglomerado Textil.<br \/>\nConocer los impactos de los procesos productivos de la &#8220;Moda r\u00e1pida&#8221; versus &#8220;Moda sustentable&#8221;.<br \/>\nDiferenciar el Supraciclado del Reciclado y comparar sus beneficios.<\/p>\n<p>Pod\u00e9s Preinscribirte haciendo<strong> <a href=\"https:\/\/forms.gle\/w2u1Wg6ZEwcxfSqo7\" target=\"_blank\" rel=\"noopener\">CLICK AQU\u00cd<\/a><\/strong><\/p>\n","protected":false},"featured_media":20,"template":"","meta":[],"product_cat":[17],"product_tag":[],"_links":{"self":[{"href":"https:\/\/hilanda.com.ar\/site\/store\/wp-json\/wp\/v2\/product\/11"}],"collection":[{"href":"https:\/\/hilanda.com.ar\/site\/store\/wp-json\/wp\/v2\/product"}],"about":[{"href":"https:\/\/hilanda.com.ar\/site\/store\/wp-json\/wp\/v2\/types\/product"}],"wp:featuredmedia":[{"embeddable":true,"href":"https:\/\/hilanda.com.ar\/site\/store\/wp-json\/wp\/v2\/media\/20"}],"wp:attachment":[{"href":"https:\/\/hilanda.com.ar\/site\/store\/wp-json\/wp\/v2\/media?parent=11"}],"wp:term":[{"taxonomy":"product_cat","embeddable":true,"href":"https:\/\/hilanda.com.ar\/site\/store\/wp-json\/wp\/v2\/product_cat?post=11"},{"taxonomy":"product_tag","embeddable":true,"href":"https:\/\/hilanda.com.ar\/site\/store\/wp-json\/wp\/v2\/product_tag?post=11"}],"curies":[{"name":"wp","href":"https:\/\/api.w.org\/{rel}","templated":true}]}}